
Suppose 0 = 23*d - 28*d. What is the remainder when ((-236)/4)/((-1)/1) is divided by (18 - d - 0) + (-38)/19?
11
Let h = 26 - -5. Suppose 6*b - 9*b + 6 = 3*w, 3*w - 6 = 3*b. Suppose -w*x = x - 177. What is the remainder when x is divided by h?
28
Let x = 358 - 309. Calculate the remainder when x is divided by 19.
11
Let b(r) = -r**3 + 6*r**2 + 12*r - 2. Suppose -4*y - 6 + 53 = 5*q, 4*q - y - 25 = 0. What is the remainder when 123 is divided by b(q)?
24
Suppose -7*g - 53 - 24 = 0. Let u(q) = -3*q - 15. Calculate the remainder when 32 is divided by u(g).
14
Suppose -5*k - x + 14 = -4*k, -5 = x. Suppose 17 = z - 7. Suppose l - 11 - z = 0. What is the remainder when l is divided by k?
16
What is the remainder when (-186)/5*(-35)/21 is divided by 25?
12
Let s(d) = 2*d**2 + 43*d - 160. What is the remainder when 167 is divided by s(4)?
35
Suppose d + 20 = 6*d - 5*g, 3*g = 0. What is the remainder when 5 is divided by d?
1
Let v = -3 - -1. Let n(y) = 129*y + 13. Let h(j) = -65*j - 6. Let r(x) = -5*h(x) - 3*n(x). What is the remainder when r(v) is divided by 29?
28
Let x(l) = l + 15. Let b be x(-12). Suppose -2*o = t - 60, 5*o = b*t - 0*o - 224. Calculate the remainder when t is divided by 23.
22
Let g(b) = 107*b - 27. What is the remainder when g(3) is divided by 37?
35
Suppose -30*w - 495 + 3855 = 0. Calculate the remainder when w is divided by 57.
55
Suppose -4*c - 8 = -2*i - 34, c - 2 = -i. Suppose -v + c*v - 40 = 0. Let p = 11 + 6. Calculate the remainder when p is divided by v.
7
Suppose 0 = 2*n - t - 12, n - 9 - 2 = 3*t. Calculate the remainder when 59 is divided by 4/20*n*17.
8
Let f = 558 - 377. Calculate the remainder when f is divided by 23.
20
Suppose 44 = 5*c - 4*c. Let l = -30 + c. Calculate the remainder when 23 is divided by l.
9
Let z = 11 + -12. Let j be (-28)/(-6) - z/3. Suppose j*m - 258 = 92. What is the remainder when m is divided by 24?
22
Suppose 0 = -201*m + 208*m - 154. Suppose -5*g - 13 - 17 = 0. What is the remainder when m is divided by (-2)/6 + (-80)/g?
9
Let s be 62 + -2 + (-3)/(15/10). Let r = s - 53. Suppose 5*f = -2*m + 71, 3*f + 2*m = 2*f + 19. What is the remainder when f is divided by r?
3
Let b(k) = -k + 1. Let y(l) = l**3 + 12*l**2 + l - 107. What is the remainder when b(-4) is divided by y(-11)?
2
Let d = 215 + -91. Suppose 5*j + 11*o = 8*o + 108, 0 = 3*j + 3*o - 66. What is the remainder when d is divided by j?
19
Suppose 8*t - 119 = 7*t. What is the remainder when t is divided by 30?
29
Suppose 2*v + 4*n - 116 + 12 = 0, 12 = -4*n. Calculate the remainder when v is divided by 31.
27
Suppose 14*u - 17*u + 54 = 0. Suppose -y + 36 = u. What is the remainder when y is divided by 11?
7
Let s = 14 + -15. Let z be (-2)/1*s*14. Let p = z - -12. Calculate the remainder when p is divided by 21.
19
Suppose 0 = -18*k + 4*k + 6482. Calculate the remainder when k is divided by 93.
91
Suppose 254 + 166 = 20*i. What is the remainder when 183 is divided by i?
15
Let q(x) = 20*x**2 + 4*x - 3. Suppose 2*z + 5*a - 26 = -z, -4*z = 5*a - 28. Calculate the remainder when q(z) is divided by -1*(2 - 12*2).
19
Let z = 23 + -20. Suppose -5*o + 5*t + 180 = 0, 0 = 2*o - z*t + 8*t - 44. What is the remainder when 62 is divided by o?
30
Let k = 15 - 3. Calculate the remainder when ((-6)/(-8))/(-3) - (-1295)/(-84)*-3 is divided by k.
10
Let h = -534 - -776. Calculate the remainder when h is divided by 61.
59
Let c(s) = 152*s - 3. Let j be c(1). Suppose j = 4*v + 129. What is the remainder when v is divided by 2?
1
Let u be (8/(-16))/((-1)/2). Let g = u + 8. Suppose -4*w - 3*c + 45 = 0, 3*c - 6*c - g = -2*w. Calculate the remainder when 15 is divided by w.
6
Let u(i) = -i**2 - 14*i - 11. Let h be u(-12). Let a(r) = r - 6. Let t be a(6). Suppose t = -h*k + 14*k - 11. What is the remainder when 16 is divided by k?
5
Let n(k) = 16 - 9 - 1 - 10*k. Calculate the remainder when n(-7) is divided by 21.
13
Let f be (-3)/(-2)*8/(-12). Let c be f + (2 + -89)/(-3). Suppose 4*t - 76 = -0*t + 2*b, c = t + 4*b. What is the remainder when t is divided by 7?
6
Let l = -72 + 112. Suppose u = -3*u + l. Let f = -249 + 276. What is the remainder when f is divided by u?
7
Let d(b) = -23*b**2 - b + 5. Let c be d(2). Calculate the remainder when -9 + 5 + (-3 - c) is divided by 22.
16
Suppose -3*t = -4*l - 51, -2*l + 3*t = -2*t + 43. Suppose -3*n - 3*q + 48 = 0, 5*n - 10*n + q = -62. What is the remainder when (-102)/9*l/2 is divided by n?
12
Suppose -24 - 156 = -6*v. Calculate the remainder when 115 is divided by v.
25
Let i(n) = 3*n**2 + n - 3. Let v be i(-2). Let f = v - -12. What is the remainder when f is divided by 10?
9
Let d(m) = m**3 + 4*m**2 - 1. Let t be d(-4). Let b = t - -50. Suppose 4*g - 2*r = 76, 4*g = 8*g - 4*r - 84. What is the remainder when b is divided by g?
15
Let w be ((-10)/4 - -1)*-2. Suppose w*z = -3*l + 45, -5*z - 38 + 131 = -l. What is the remainder when z is divided by 11?
7
Suppose 0 = -4*c + 159 + 17. Let h = c - 11. Suppose -t + h = -45. What is the remainder when t is divided by 20?
18
Suppose -2 = -c + 46. What is the remainder when c is divided by (-2)/((-4)/(-7))*(-260)/91?
8
Suppose 0 = -12*p + 44 + 748. What is the remainder when p is divided by 3?
0
Let b = 243 - 230. What is the remainder when 166 is divided by b?
10
Let q be 0 - (-4 + 8)/(-2). Suppose -3*g - 3*t = -t - 21, 0 = q*t - 6. Calculate the remainder when 10 is divided by g.
0
What is the remainder when (-21 - 1625/(-13)) + 1 + 0 is divided by 62?
43
What is the remainder when (1054/(-170))/(1/(-5)) is divided by 20?
11
Let l(c) = c**2 - 17*c - 18. Calculate the remainder when l(20) is divided by 8.
2
Suppose 0 = 5*q + 226 - 301. Let z(o) = -o**3 + 17*o**2 - 26*o - 11. Calculate the remainder when 193 is divided by z(q).
46
Suppose -17*y - 167 = -422. Calculate the remainder when 341 is divided by y.
11
Suppose 18 = 4*v + 5*c, c + 3 - 5 = 0. What is the remainder when 93 is divided by v?
1
Suppose 0 = 9*i - 12*i - 12, -4*t = 3*i - 48. What is the remainder when 237 is divided by t?
12
Suppose 3*o = 9, 0 = -h + o - 5*o + 7. Let f be h/(-3)*(4 - 31). Let g = -26 - f. What is the remainder when 56 is divided by g?
18
Suppose 5*r = 5*h + 120, 0 = -r + 3*h - 7 + 37. Suppose 165*b = 10554 + 2646. What is the remainder when b is divided by (-290)/(-14) + 6/r?
17
Let n be 2/(((-15)/3)/5). Calculate the remainder when (-7 + -65)*(-2)/3 + n is divided by 12.
10
Suppose 3*q - 2*x - 204 = 0, -2*x = -5*q + x + 340. What is the remainder when q is divided by (-1)/3*(1 + -70)?
22
Calculate the remainder when 6*(-129)/(-6) - 5 is divided by 6.
4
Let l(f) = -4*f - 14. Calculate the remainder when l(-8) is divided by 49/5 - 12/(-10).
7
Let i(m) = 4*m - 4. Let w be i(2). What is the remainder when 8*w/(-6)*(-9)/2 is divided by 5?
4
Calculate the remainder when 35/(7 + 0)*89 is divided by 8.
5
Let t(u) be the second derivative of -2*u**3/3 - 9*u**2 + 28*u. What is the remainder when 68 is divided by t(-7)?
8
Suppose 29*d - 1875 - 590 = 0. What is the remainder when 3398 is divided by d?
83
Suppose 19 = j - 3*k, 3*j - j + k = 3. Let y be (9/4)/((-1)/j). What is the remainder when (-27)/y*74/6 is divided by 10?
7
Calculate the remainder when ((-437)/(-38))/(4/304*2) is divided by 44.
41
Calculate the remainder when -2*37*(-9)/18 is divided by 12.
1
Suppose -v - 2*q - 15 = 0, 2*v + 6*q + 28 = 4*q. Let x = 26 + v. Suppose -4*m + 36 + 160 = 0. What is the remainder when m is divided by x?
10
Suppose 3*c - 217 = c + p, 5*c - 2*p - 545 = 0. Let u = c - 43. Calculate the remainder when u is divided by 18.
14
What is the remainder when 6/(-72) + (-5908)/(-48) is divided by 9?
6
Let d = 18810 + -18502. Calculate the remainder when d is divided by (-624)/(-10) - (-6)/(-15).
60
Suppose 4*y = -4*i + 420, 2*y + 2*y = -3*i + 423. Suppose 117 = 5*w + 2*n - 6*n, n + y = 5*w. What is the remainder when w is divided by 12?
9
Let r(f) = -f + 10. Suppose 2*b = i + 20 + 22, 0 = -5*i. What is the remainder when b is divided by r(6)?
1
Suppose -115 = -5*l - 5*d, -6*d + 3*d = 9. Suppose -3*h + 5*h = l. Calculate the remainder when 64 is divided by h.
12
Let a(s) = 10*s**2 - 4*s + 2. What is the remainder when a(2) is divided by 10?
4
What is the remainder when (-8)/(-8 + 172/22) is divided by 34?
10
Let d